
-6
What is the value of -8 - (-11 - 2 - -5)?
0
What is the value of -11 + (5 - ((3 - -5) + -8))?
-6
Calculate -7 - (-13 - -8 - -1).
-3
What is -9 + 0 + 0 - (-730 + 723)?
-2
What is the value of -6 + 3 + 9 + -9?
-3
Evaluate 1 + (5 - 6) - 0.
0
What is 8 + 1 - (-7 + 6 + 9)?
1
Evaluate (-2 - (1 + -7)) + -2 + 2.
4
Evaluate 2 - 3 - 2 - (-10 + 5).
2
Evaluate 3 - (2 + (-2 - -1)).
2
What is the value of -2 + -1 + -2 + 5?
0
What is -5 - (16 + -17 - (1 - -14))?
11
What is the value of (-2 - -4) + (-2 - 2) - 2?
-4
What is the value of -3 + 0 + 0 - (54 - 56)?
-1
Calculate (-3 - (2 - (4 + -2))) + 1.
-2
What is the value of 8 + 0 - (-255 + 263)?
0
Evaluate 3 - (1 + -3 - -7).
-2
(-2 + 0 - -5) + -4
-1
8 + 6 + -11 + 6 + -2
7
What is the value of -2 + (-3 - 0) + 10?
5
Calculate 1 + (-1 - ((5 - 4) + -3)).
2
Calculate (1 - 1) + (-1 - -1) + -3.
-3
What is 2 + 1 + -1 + 0 + -2?
0
What is 1 + -2 + 2 - 5?
-4
-12 + 12 - (-4 - -5)
-1
Evaluate (0 - 2 - (3 + -2)) + 1.
-2
Calculate 3 + -4 + 0 - (6 - 5).
-2
What is -6 - -5 - (3 + -2)?
-2
What is the value of 2 - (-5 + 13 + -4)?
-2
What is 6 - (2 + 9 + -8) - 4?
-1
Evaluate (-1 - -3) + (-3 - 9) + 11.
1
-1 + 2 + -1 - (2 + -6)
4
(-2 - (-5 + 5)) + 4 + 4
6
Calculate -8 - (-2 + 7 + (13 - 19)).
-7
Calculate -7 - -8 - 3 - (0 - -4).
-6
What is the value of 12 + -9 + -5 + -2?
-4
2 + -6 + 7 - 3
0
Calculate (1 - (-5 + 8)) + -2 - -8.
4
What is the value of 7 - (5 - (4 - 5))?
1
What is 7 + (3 - (8 + 0 + -1))?
3
What is 6 - 8 - (-3 + 0 + 10)?
-9
Evaluate -24 + 19 - (2 + -4 + 1).
-4
Calculate (-1 + 0 - 0) + (-416 - -412).
-5
0 + -2 - (5 + -3)
-4
Evaluate (22 - 16 - (1 - -2)) + -5.
-2
What is the value of -3 - (-7 - -1) - (8 + -1)?
-4
What is the value of -15 + 8 + 8 - -2?
3
-17 - (-29 - -13) - (3 + -1)
-3
What is the value of -4 - -8 - (14 + -5 + 4)?
-9
Evaluate -3 + 5 + -5 - (5 + -5).
-3
11 - 9 - (2 + -1 + 1)
0
What is -8 - (-9 + 8 + -10)?
3
-5 + (2 + -6 - (0 + -2))
-7
What is -1 - (-5 + 0 + 1)?
3
What is -2 - (-6 + 1 - (-25 + 20))?
-2
Calculate 2 - (2 - (1 + -2 - -3)).
2
(1 - (-6 + (-4 - -8))) + -4
-1
What is -8 + (5 + -4 - 3) + 7?
-3
Calculate -7 - (1 - -5) - -6.
-7
Calculate 3 - (-3 + (6 - -3)).
-3
What is the value of -36 - -28 - (-8 + 1 + 0)?
-1
What is 0 + 0 + (4 - 5) - 2?
-3
What is the value of 8 + -2 + -9 + 7?
4
-4 - (-4 + (8 - 5))
-3
Calculate -1 + (-5 - -6 - 0) - -3.
3
What is the value of -2 + 7 + -4 + -2 + 4?
3
What is 0 + -7 + 5 + 0 + -2?
-4
What is -7 + (-6 - (-27 - -7))?
7
Evaluate -1 - -3 - (2 - 4).
4
What is the value of 5 + -4 + -3 - -2?
0
Calculate -4 + 5 + -4 - 0.
-3
Evaluate -2 + (1 + 3 - -1).
3
-4 + (12 - 5 - 7)
-4
Evaluate 4 - (3 - 2) - 6.
-3
Evaluate -4 + (3 - (-2 - -3)) + 2.
0
What is 1 + (6 - 3 - -2) + -5?
1
Evaluate 2 - 1 - (1 + -4).
4
1 - ((4 - (8 + -2)) + 6)
-3
-2 - ((4 - -1) + -6)
-1
2 - (-5 + 6) - (1 - -2)
-2
What is the value of 11 + -2 + -49 + 48?
8
What is the value of (3 - 3) + 6 + -7?
-1
Calculate (-1 - (0 + 1)) + (-135 - -140).
3
Evaluate 2 + (5 - (1 + 3)).
3
(4 - (-1 - -5)) + (2 - 4)
-2
6 - (-3 - -8 - -6)
-5
What is 4 + -6 + -1 + -1?
-4
(5 - (2 + 1)) + 3
5
Evaluate 1 - (-2 - (-3 + -2)).
-2
0 + -1 + 4 + 2
5
What is (-2 - -9) + -14 + 14?
7
Calculate -2 + -1 + 0 - -5.
2
-2 - -5 - (0 - -6)
-3
What is the value of -1 + 4 + -7 + -3?
-7
What is the value of -5 + (4 - -5) + 4 - 5?
3
What is 0 + 2 - (-13 - (-17 + 6))?
4
Evaluate (7 - (2 - 5)) + -2.
8
What is 0 + 5 + -4 + 1 + -4?
-2
4 - 9 - -5 - (-6 - -1)
5
What is -6 + 1 + 5 + -1 + -6?
-7
Calculate -1 - 0 - (-3 - (3 - 3)).
2
-4 + 0 + 5 + 0
1
What is the value of -11 - -11 - (2 + -1)?
-1
Evaluate (4 - ((-1 - -1) + 1)) + -2.
1
-2 + 3 + -2 + -3
-4
Evaluate (-2 + 0 + 3 - -6) + -4.
3
What is the value of (-1 - (5 + -3) - -4) + -5?
-4
What is -1 + (0 - 5) - -3 - -2?
-1
5 + (2 - (10 - 5))
2
What is -8 + (4 + -1 - (-5 - -6))?
-6
Calculate 5 - (-10 + (5 - -4)).
6
2 + 2 + -1 + -3 + -3
-3
Calculate 4 + -4 - (1 + 1).
-2
Evaluate 52 - 53 - (0 + -1 + -1).
1
What is (4 - -1) + (2 - -15) + -13?
9
Calculate -2 + (2 + -1 - -3).
2
Calculate -6 - (1 + -18 + 8).
3
What is 16 - (26 - 10) - (-1 + -2)?
3
Evaluate 1 + 2 + (-7 - 4 - -4).
-4
Calculate -5 - (4 - (3 + 2)) - -8.
4
5 - ((11 - 5) + 4)
-5
What is (-6 - 6) + (9 - 2)?
-5
(-4 - ((2 - 0) + -2)) + 6
2
Evaluate 21 + -16 - (2 - (-9 + -1)).
-7
What is the value of -37 + 44 - (-1 - -5)?
3
Calculate -19 + (8 - -8) - (-13 + 0).
10
What is 2 - (-6 + 1 + 1)?
6
Evaluate (6 - 6) + (-2 - (-1 - -4)).
-5
Calculate -1 - -1 - (-13 + 12) - 3.
-2
1 - (10 - (-9 - -12))
-6
What is (9 + -3 - 12) + 9?
3
Calculate 2 - (1 - 2 - 5).
8
Calculate -3 - ((10 - 15) + (2 - 3)).
3
Calculate (-6 - -2) + 4 + -1 + 1.
0
What is the value of 3 - (5 - -3) - -1?
-4
What is the value of -5 - (8 - (0 - -8))?
-5
Evaluate -1 - -2 - (0 + -8 + 4).
5
-17 + 10 - (2 - (0 + 5))
-4
Calculate -2 + -8 + -1 + 11.
0
Evaluate -1 - 1 - (-1 + 2 + -4).
1
Evaluate -4 - 0 - -2 - (-7 + 0).
5
Evaluate 5 + -19 + 12 + 12 + 0.
10
What is the value of (7 - (-8 + 6)) + -6?
3
2 + -7 + 16 + -7
4
Calculate -3 - (-1 + 8 + -2 + -3).
-5
What is the value of -5 - (0 - -3 - 7) - -3?
2
What is the value of 1 - -1 - (14 - (14 - -5))?
7
What is (-1 - (1 + -3)) + -1 - 2?
-2
What is -7 + 14 - (6 + 3)?
-2
Evaluate -5 - (1 - (3 + 1)).
-2
Evaluate 5 + -11 + 0 + -1.
-7
Evaluate 1 + -1 - (-9 - -18 - 9).
0
What is the value of -18 + (-5 - -16) + 2?
-5
Calculate (2 - 0) + 15 + (-32 - -16).
1
What is the value of (-5 - -23 - 21) + -3 + -1?
-7
What is (-1 - -6 - 10) + -5 - -3?
-7
Calculate (6 - 2 - 12) + 4.
-4
What is the value of -3 + 7 - (-13 - -14)?
3
Evaluate -2 + (-4 - (3 - 4)).
-5
Calculate -7 - -7 - (0 + 3) - -7.
4
1 + (-2 - 1) + 5
3
Evaluate 1 + 1 + 7 + -4 + 0.
5
Evaluate 11 - (-7 + 9) - 12.
-3
Evaluate 1 + 6 + -3 + (-8 - -4).
0
What is -4 - (0 - (4 - -1))?
1
Calculate -2 - -4 - (7 - 1).
-4
Evaluate -5 + -4 + 3 + (-5 - -4).
-7
What is (-7 + 7 - 0) + 0?
0
Evaluate 0 + 1 + -4 + -2 + 10.
5
What is -1 - 0 - (2 + -2) - -3?
2
What is the value of 10 - ((7 - 17) + 17)?
3
What is (-3 - -5 - 9 - -4) + 6?
3
What is (10 - (-8 - -22)) + 2 + 2?
0
What is (-3 - -1) + 3 + -5 - -6?
2
What is the value of 0 + 6 + -5 + -4?
-3
(2 - 3) + -4 + 3 + 6
4
1 - (-1 - (0 + (-4 - 0)))
-2
Evaluate (5 - (5 + -4)) + -3 + 1.
2
What is the value of (-15 - -6) + 4 + 0?
-5
What is 4 + (0 + -1 - (-2 - 0))?
5
-4 + (-1 - ((4 - 16) + 4))
3
Evaluate (-6 - (-5 - 2 - 4)) + -5.
0
What is the value of -8 - (-7 + 10 + -7 + 1)?
-5
Calculate 0 + (8 - 4) + 0 - 7.
-3
Calculate 2 + (3 - 3) - 3.
-1
Evaluate (16 - 7 - 9) + (4 - 1).
3
Calculate 5 + -3 - (0 + (-3 - -1)).
4
Evaluate -1 - 1 - (-6 + -1 + 4).
1
(-1 - -4) + -6 - -1
-2
What is 9 + (-8 - 8) + 9?
2
Calculate (5 - (-2 + 6)) + 4.
5
Calculate -10 + (-12 - -19) - (4 + 1).
-8
Evaluate (8 - 8) + 4 + (-10 - 0).
-6
What is 1 + 2 + (-3 - 2)?
-2
Evaluate 9 + 1 + 2 + 5 + -12.
5
5 + 3 + 5 - 7
6
-1 + 4 - (2 - -1)
0
Calculate -6 - (5 - (14 - 1)).
2
What is the value of 11 + (6 - 8) + -5?
4
(-2 + -2 - -2) + 2
0
Evaluate 3 - (2 - 2) - 7 - -6.
2
2 - ((0 - (-2 - 0)) + 1)
-1
Evaluate -8 - (0 + (-7 - -4)) - -9.
4
Evaluate -1 - (0 - (-1 + -1)).
-3
Calculate 7 + -1 - (-9 - (-26 + 16)).
5
What is the value of -1 + ((1 - 0) + -1 - 3)?
-4
Evaluate (9 - 7) + -8 + 4 + 2.
0
Calculate -4 - (-4 + (-3 - (5 + -11))).
-3
What is -5 + 7 - (1 + (-1 - 0))?
2
What is the value of -2 - (-9 + -7 + 8)?
6
What is the value of -8 - 2 - (-9 + 4) - -8?
3
6 + -8 - -6 - 6
-2
Calculate 5 + -3 + -5 + 2.
-1
Evaluate 6 - (0 - -6 - 7 - -8).
-1
What is the value of -2 + -1 + 2 - -4?
3
Evaluate (2 - 4) + (13 - 7) + -4.
0
What is the value of (4 - -11) + -10 - (3 - 1)?
3
Evaluate 3 + -2 + 0 - (31 + -23).
-7
What is the value of 2 + (-3 - -7) + -8?
-2
What is the value of 6 + -14 - (3 + -4 + -7)?
0
What is 2 - (1 - (0 + -2)) - 4?
-5
What is the value of 4 + 2 + -2 + -4 + -7?
-7
What is 28 + -17 - (8 - 2) - 2?
3
(7 + -11 - -5) + -5 - 0
-4
-6 + (1 - 2 - -7) - -3
3
What is -6 - (3 + -1 - (1 + 2))?
-5
Calculate 0 + -6 + 1 - -1.
-4
What is (-7 - (1 + -4)) + 4 + -4?
-4
Calculate -2 - (-1 + (5 - (4 - 3))).
-5
Calculate 0 + -2 + (2 - -2) + -6.
-4
What is 4 - ((-40 - -40) + (2 - 0))?
2
Calculate (-2 - (-7 - -4)) + 2 + -5.
-2
Evaluate -4 + 19 + (-8 - 4 - -6).
9
Calculate 143 - 160 - (0 - 13).
-4
What is the value of 6 - (5 + (-2 - 1)) - 6?
-2
What is 3 - (-1 - -7